(-1 + 52/28)*7. Suppose -t*m + 15 = -m. Suppose 5*r + 3 = r - m*o, r + 2*o + 7 = 0. What is the units digit of r?
3
What is the units digit of 2/(28/(-6)) + (-3702)/(-14)?
4
Suppose 19 = 4*y + 11. Suppose 0 = y*g - 3*w - 12, -3*g + 39 = w - 1. What is the units digit of g?
2
Suppose 4*h = 5*h - 50. Let j = 96 - h. Suppose -5*k = 5*w - 65, -6*k + 2*k = -3*w + j. What is the units digit of w?
4
Let f be (-8)/7*35/(-10). What is the hundreds digit of (((-92)/3)/f)/((-1)/15)?
1
Let j = -12 - 3. What is the tens digit of (40/j + 0)*-24?
6
Suppose 4*u - 2*y + 5*y = 68, 3*u - 34 = 2*y. Let p be 5*u/2 + 2. What is the tens digit of p - (-4 - -2 - -5)?
3
Let x(m) = -12*m**2 + 58*m**2 - 2*m**2 + 1. What is the tens digit of x(2)?
7
Let s = 3013 + -1838. What is the thousands digit of s?
1
Let q(h) = h**3 - h**2 - 3*h + 2. Let o be q(2). Let v = o + 1. What is the units digit of ((-42)/(-30))/(v/5)?
7
Let p = 892 - 847. What is the tens digit of p?
4
Let a(w) = -264*w - 8. Let k be a(-1). Suppose 5*y - 2*x - 380 = 3*x, 4*x = -3*y + k. What is the units digit of y?
0
Let s be 2*(-10)/(-4) + -2. Let t(i) = -i**2 + 8*i - 13. Let y be t(5). Suppose -q - 4*o + 6 = 0, -s*o = -4*q - y*o + 41. What is the tens digit of q?
1
What is the tens digit of 5201/(-2)*(-26)/91?
4
Let x(s) = -s**2 - 9*s - 2. Let d(q) = q + 12. Let f be d(-12). Suppose f = j - 2 + 6. What is the tens digit of x(j)?
1
Suppose s + 20 = 4*f + 132, 4*s = -4*f + 448. Suppose 0 = 5*t - 20, -3*i - s = i + t. Let d = -18 - i. What is the units digit of d?
1
Let n(i) = i**3 - 5*i**2 + 3*i + 4. Let v be n(3). What is the tens digit of (-1 + 3/v)*-20?
3
Suppose -7*p + 5090 = -2001. What is the hundreds digit of p?
0
Let o(u) = 20*u. Let r be o(-1). What is the units digit of -2 + r/(-4 - -2)?
8
What is the tens digit of 62*5 + ((-25)/(-5) - 4)?
1
Let f(n) = 7*n**2 - 16*n - 27. What is the hundreds digit of f(9)?
3
Suppose -8*j + 24 = -0*j. Suppose -2*b - 2*b + j*k = -362, 3*k = -4*b + 374. What is the tens digit of b?
9
Suppose -150 = 32*n - 35*n. What is the hundreds digit of n/2*(-7)/(49/(-28))?
1
Let y(h) = 2*h**2 + 4*h - 1. Let i be y(-3). Let g be (2/6)/(i/(-165)). What is the units digit of (-31)/g - (-2)/11?
3
Let h(g) = -7*g - 8*g - 49 + 5*g. What is the units digit of h(-19)?
1
Suppose -357 = 430*v - 437*v. What is the units digit of v?
1
Suppose 4*g = -3*z + 2*z - 4, -g = 3. Suppose z = -2*x, -4*q - x + 180 = 4*x. What is the units digit of q?
0
Suppose 3*r = s + 23, -3*s = -r - s + 6. Suppose -9*h = -r*h - 44. What is the tens digit of h?
4
Let p = 8745 - 4950. What is the tens digit of p?
9
Let m(q) = 2*q**2 - 9*q + 16. Suppose -3*a = 2*r - 14, 0*r + 5*a - 2 = 2*r. Suppose 5*o = -10, -3*o + 16 = r*x - 6. What is the tens digit of m(x)?
5
Suppose o - 3*h - 2*h - 3520 = 0, -3520 = -o + 3*h. What is the thousands digit of o?
3
Suppose -5*u - t + 597 = 3*t, 5*u + 5*t = 595. Suppose 2*f + 3*j = 150, -2*f - 5*j = -u - 29. What is the tens digit of f?
7
Suppose -2*x + 8 = -4*q + 36, q = 4. What is the hundreds digit of (7/(35/1090))/(x/(-3))?
1
Let r be ((-36)/10)/((-10)/(-50)). What is the units digit of r/(1 - 3)*(-70)/(-14)?
5
Let g(v) = 5*v - 3 - 7*v - 1 + v**2 - 1. Suppose -t - 3*n - 20 = -6*t, 0 = -2*n. What is the units digit of g(t)?
3
Suppose 3*l = -12 - 48. Let q = 41 - l. What is the tens digit of q?
6
Let x = -1944 + 3585. What is the hundreds digit of x?
6
Let l = -11 + 16. Suppose 5*v + 2 = -5*w + 47, -4*w - l*v + 31 = 0. Suppose w = -4*q + 266. What is the tens digit of q?
6
Suppose -d + 5*p + 1262 = 0, -8*d + 12*d - p - 5143 = 0. What is the units digit of d?
7
Let n(k) = -26*k - 165. What is the hundreds digit of n(-13)?
1
Let q = 37 + -33. Suppose 6*j + 1000 = 10*j - q*a, -4*j - 2*a + 1018 = 0. What is the units digit of j?
3
Suppose -5*j + 676 = 3*v - 631, -v + 441 = 3*j. Suppose 9 - v = -7*o. What is the tens digit of o/(-18)*156/(-10)?
5
Suppose 0 = 7*m - 11*m + 3012. What is the units digit of m?
3
Suppose 12*j = j + 7579. Suppose -10*s - 3*s = -j. What is the tens digit of s?
5
What is the units digit of (-4)/(-6) - 14953/(-57)?
3
Suppose -5*b = 0, 0 = -f - 2*f + 3*b. Suppose 7*y - 3*y - 12 = f. What is the units digit of y?
3
Let p(f) = 34*f**2 + 67*f + 10. What is the units digit of p(-4)?
6
Suppose 3*c = -c + 3*s - 44, 3*c + 40 = 4*s. Let l(a) = -a**3 - 8*a**2 - 10*a + 3. Let n be l(c). Suppose -3*t + n = -7. What is the tens digit of t?
3
Let f(r) = 18*r**2 + 3*r - 2. Let q be f(1). Let t = -8 + q. What is the units digit of t?
1
Let r be (1185/(-6))/(-5) + (-3)/2. Let q = r + 47. What is the units digit of q?
5
Let a be (16/(-6))/(4/276). Let n = 83 - a. What is the hundreds digit of n?
2
Suppose 2101 = 14*r - 2911. What is the hundreds digit of r?
3
Suppose 0 = -4*k + 3*w - 129, 0*w + 4*w = -3*k - 103. Let c = 39 + k. Suppose 5*m + n - 110 = c*n, -m + 28 = 2*n. What is the tens digit of m?
2
Let k(f) = -f**2 + 8*f. Let i be k(3). Let l(w) = -w**2 + 16*w - 7. What is the units digit of l(i)?
8
Let r(x) = 79*x**2 + 7*x - 37. What is the thousands digit of r(-5)?
1
What is the hundreds digit of 96/(-17 - -1)*274/(-4)?
4
Suppose 3*a + 6251 = 5*g, -24*a = -4*g - 29*a + 5023. What is the hundreds digit of g?
2
Suppose 8 = j + 3*j. Suppose -v - 62 = -j*v. What is the units digit of v?
2
Suppose 153*p - 155*p + 1402 = 0. What is the units digit of p?
1
What is the tens digit of 1532 + 0 + (-429)/39?
2
Let t = -17 - -42. Suppose t = v - 16. Suppose 37 = 3*d + 2*p, 4*d = -4*p + 3 + v. What is the tens digit of d?
1
Let r = 1371 + -916. What is the tens digit of r?
5
Let g(o) = o**2 - 28. Let k be g(0). Suppose 0 = -3*y + 166 - 4. Let u = y + k. What is the units digit of u?
6
Let f be (-11)/(-2)*(2 + 2). Suppose h = 4*m + 34, -h + 2*h - m = f. What is the units digit of h?
8
Let p(v) be the third derivative of 0*v - 1/120*v**6 - 1/20*v**5 - 1/24*v**4 - 4*v**2 - 5/6*v**3 + 0. What is the tens digit of p(-4)?
1
Suppose 0 = -4*v - 3*l + 76 - 227, -3*v = -5*l + 135. What is the units digit of ((-132)/16)/(5/v)?
6
Suppose 0 = -2*n - n + 786. Suppose 2*o = 2*g - n, 2*g - 3*g - 4*o = -131. What is the hundreds digit of g?
1
Suppose 78*y - 69*y = 261. What is the tens digit of y?
2
Let v(j) = j - 2. Let q be v(2). Suppose q - 10 = 2*z. What is the units digit of z/(-10) - 9/(-2)?
5
Suppose 91650 = 45*x + 26535. What is the tens digit of x?
4
Let z(g) = 35*g**2 + 2*g - 14. What is the units digit of z(5)?
1
Let t be 35/21 - 2/(-6). Suppose 107 = t*h + 3*o + 34, 0 = -3*o - 15. What is the units digit of h?
4
What is the thousands digit of (-3*2/(-6))/((-13)/(-19656))?
1
Let u(i) = 11*i - 8*i + 21 - 2*i. What is the units digit of u(16)?
7
Suppose 0 = 41*p - 28683 - 48356. What is the tens digit of p?
7
Let o(c) = -4*c + 1 + c**3 - 9*c**2 + 5*c**2 - 3. Let d be o(5). Suppose -2*v + d*a = -65, -3*a + a - 32 = -v. What is the units digit of v?
4
Let m = 6 + -3. Suppose m*k + 8 = k. What is the tens digit of (-4)/((-12)/111) + k?
3
Let f = -116 + 177. Let n(t) = -t**3 + 7*t**2 + 10*t - 11. Let o be n(8). Suppose -o*q + f = 2*j, 3*j - 72 = -0*q - q. What is the units digit of j?
3
What is the units digit of (1*(-22)/(-55))/((-1)/(-865))?
6
Let a(o) = 18*o**2 + 32*o**2 - 1 - 10*o**2. What is the units digit of a(-1)?
9
Let a(t) be the third derivative of t**5/60 + 5*t**4/8 + 8*t**3/3 + t**2 + 50*t. What is the units digit of a(11)?
2
Let i(a) = -16*a**2 + 2*a - 4. Let r(d) = 15*d**2 - d + 3. Let h(v) = 6*i(v) + 7*r(v). What is the tens digit of h(3)?
9
Let l be (6 + (-60)/9)*(-9)/(-2). Suppose 0 = q - 5*q + 60. What is the units digit of -1*q/l + 1?
6
Let o be (-1)/1 + (1 - 0). Let d be 2*(-1 + 2) - (14 - -4). What is the units digit of -2 + (o + 2 - d)?
6
Suppose -3*b = 5*b + 24. What is the tens digit of (b/(-3))/((-4)/(-156))?
3
Let o = -58 - -62. Suppose -r + 16 = -20. Suppose -f = -o*f + r. What is the units digit of f?
2
What is the thousands digit of 6*((-10467)/27)/(-1)?
2
Let a be 3/9 - 28/(-6). Suppose -3*d - 6 = -a*d. Suppose j = 3*s - 11, -d*s - 13 = -8*s + 3*j. What is the units digit of s?
5
Let o be 80/6*3/(-2). Let u be (-15)/o + (-2)/(-8). Suppose -22 = -5*i + 2*c, 3 = 2*i + 4*c - u. What is the units digit of i?
4
Let r = -228 + 883. What is the units digit of r?
5
Let 